at is the remainder when d is divided by g(c)?
4
Suppose 24*n = 3*n + 882. What is the remainder when 285 is divided by n?
33
Let a(c) = 16*c + 14. Let b(h) = -h**2 + 15*h + 16. Let x(r) = 4*a(r) - 3*b(r). Calculate the remainder when x(-9) is divided by 12.
8
What is the remainder when (-40)/(-1) - 5/(15/(-9)) is divided by 23?
20
Suppose -3*r + 117 = -3*v, -2*r - 6*v + 10*v = -76. Suppose -2*f = -2*k - 17 - 1, 4*f - r = 2*k. Calculate the remainder when 86 is divided by f.
9
Let t be 1 + (1 - -11)/3. Let r = 96 - 58. Suppose -4*i = 2*b - r, i - t*b - 15 + 0 = 0. What is the remainder when 38 is divided by i?
8
What is the remainder when 239 is divided by (1 - -1)/16 - (-17864)/448?
39
Let a(i) be the first derivative of 1/4*i**4 - 2/3*i**3 - 3/2*i**2 - i - 3. Calculate the remainder when a(4) is divided by 7.
5
Let f = 1458 + -1220. What is the remainder when f is divided by 49?
42
Let s(g) = g**3 + 13*g**2 - 12*g + 21. Let q be s(-11). What is the remainder when ((-41)/5)/(-1) - 79/q is divided by 7?
1
Suppose 4*w - 25 = -w. Suppose -w*l + 5 = -10. What is the remainder when -51*l*(-3)/9 is divided by 18?
15
Let n(a) be the third derivative of a**4/12 - 5*a**3/3 - 6*a**2. Calculate the remainder when 36 is divided by n(12).
8
Let l(y) = y**3 - y**2 + 13. Let r be l(-4). Let t = -25 - r. Calculate the remainder when t is divided by 11.
9
Let g(r) = 10*r**2 + 2*r + 2. Let a be g(-1). Let j be 34/a - 2/5. Suppose -3*h + 49 = w, -4*h = -w + j*w - 66. What is the remainder when h is divided by 5?
1
Suppose -4*x - 4*s = s - 168, 0 = x + 4*s - 53. Suppose 6 = -4*c + 4*j + 70, 0 = -4*c - 2*j + 82. What is the remainder when x is divided by c?
18
Calculate the remainder when 23 is divided by (-60)/(-14) + (-20)/70.
3
Suppose -r - 241 = -3*r + 5*s, -245 = -2*r + s. What is the remainder when r is divided by 22?
13
Let y(u) = -u**3 + 14*u**2 + 14*u + 22. Let g(d) = -16*d - 3. Calculate the remainder when g(-1) is divided by y(15).
6
Suppose r = 1 - 5. Let p = 11 - r. What is the remainder when 29 is divided by p?
14
Let m(b) = -b**3 - 6*b**2 - 4*b - 4. Calculate the remainder when m(-6) is divided by 4 - ((-5 - 1) + 3).
6
Let g = 237 + -193. What is the remainder when 131 is divided by g?
43
Let b(i) = 2*i - 15. Let c be b(-9). Let q = -26 - c. Let h(s) = s**2 - 6*s + 5. What is the remainder when 21 is divided by h(q)?
9
Let b = -1923 + 1972. What is the remainder when 137 is divided by b?
39
Let x be ((-49)/35 - (-4)/10)*-2. Suppose -74 = -2*h - 5*w, -2*w = 4*h - 2*h - 68. Suppose h = 2*g + x*g. Calculate the remainder when 29 is divided by g.
5
Calculate the remainder when 4/(78/104*2/6) is divided by 6.
4
Let h(u) = -u**2 + 23*u + 20. What is the remainder when 244 is divided by h(21)?
58
Suppose 5*x + 2*z + 0*z = 245, 5*z = 25. Let p(w) = -10*w**2 - 130*w + 17. What is the remainder when x is divided by p(-13)?
13
Let m(n) = -n**2 + 11*n + 9. What is the remainder when 245 is divided by m(10)?
17
Suppose 6*v = 4*v. Suppose 4*t = 4*a, 4*t + a + 2*a = v. Let w = 15 - t. What is the remainder when w is divided by 4?
3
Suppose -5*g + 5*n + 405 = 45, 0 = 3*g - 4*n - 214. Calculate the remainder when g is divided by 32.
10
Suppose 2 = 2*u - 8. Let d(x) = -x**3 + 5*x**2 - 2*x - 5. Let l be d(u). Let n = l - -22. What is the remainder when 20 is divided by n?
6
Let a(h) = 2*h**3 + 17*h**2 + 15*h + 11. Calculate the remainder when a(-7) is divided by 37.
16
Let a = -7 - -25. Suppose 4*k + 4*t + a = 222, -94 = -2*k + 2*t. What is the remainder when k is divided by -3*(-1)/(-6)*-1*52?
23
Suppose 0 = -5*j + 3*j. What is the remainder when 3 - (-98 - -4 - j) is divided by 25?
22
Let g = -439 + 453. Calculate the remainder when 333 is divided by g.
11
Let s(t) = 2*t + 34. Let c be s(-11). Calculate the remainder when 3*1*380/c is divided by 49.
46
Let i(n) = 2*n**3 - 2*n**2 + 1. Let b be i(2). Let s = b + -5. Suppose -4 - 3 = -l. Calculate the remainder when l is divided by s.
3
Let c(v) = 2*v**2 - 6*v + 3. Let o = 12 - 7. Let h(k) = -12*k**3 + 6*k + 5. Calculate the remainder when h(-2) is divided by c(o).
20
Suppose 5*n - 1032 = -5*q - 267, 2*n + 294 = 2*q. What is the remainder when q is divided by 34?
14
Let c = -5 + 22. Suppose -2*u - 6 = u. Let q(o) = 2*o**2 - 4*o - 7. Calculate the remainder when c is divided by q(u).
8
Let d(z) = 2*z + 8. Let h be d(-12). Let y = h + 15. Let a(o) = -44*o + 2. Calculate the remainder when a(y) is divided by 12.
10
Suppose 7365 = 85*c - 5490 + 2995. Let t = -131 - -190. What is the remainder when c is divided by t?
57
Let z = -1608 + 1618. Calculate the remainder when 53 is divided by z.
3
Suppose 1188 = -452*u + 470*u. What is the remainder when 340 is divided by u?
10
Let t(d) = 7*d + 71. Calculate the remainder when 38 is divided by t(-8).
8
Let f(w) = -4*w - 1. Calculate the remainder when 24 + (-8 - 7) + -3 is divided by f(-1).
0
Let x = -212 + 246. What is the remainder when x is divided by 29?
5
Let w(j) = -2*j**2 + 31*j + 20. Let x = 325 - 85. What is the remainder when w(14) is divided by (-3)/9 + x/18?
10
Let p = -48 - -82. Calculate the remainder when 161 is divided by p.
25
Let k(h) = 3*h - 14. Suppose 3*d + 2*w - 6 = 23, 0 = d - 2*w - 15. Let i(j) = -j**3 - 2*j**2 + 6*j + 2. What is the remainder when k(d) is divided by i(-4)?
9
What is the remainder when 3/((-3)/(-97)) + (-36)/18 is divided by 5?
0
Let b = -5 - -2. Calculate the remainder when 34 is divided by ((-5)/b - 2)*-54.
16
Suppose 0 = 3*q + 2*y - 163, q + 210 = 5*q - y. Let o = 187 - 100. Let s = o - 73. What is the remainder when q is divided by s?
11
Let l = -291 + 337. Calculate the remainder when 317 is divided by l.
41
Let y = 73 - 47. Suppose -18 = r - y. What is the remainder when 22 is divided by r?
6
What is the remainder when 256 is divided by ((-110)/(-25) - (13 - 9))*110?
36
Let j = 10 - 19. Let w(a) = a + 18. Calculate the remainder when w(j) is divided by 6.
3
Suppose 0*s = 5*s + 3*t - 55, -2*t + 18 = 2*s. What is the remainder when 23 is divided by s?
9
Suppose 0 = 18*m - 579 - 1113. What is the remainder when 939 is divided by m?
93
Let g = 59 - 13. Let t be (99/(-12))/(-1)*20/15. Let a(o) = -o**3 + 11*o**2 + 3*o - 21. What is the remainder when g is divided by a(t)?
10
Let r be -6*(-1 - (-20)/12). Let l(i) = -3*i + 9. Calculate the remainder when 57 is divided by l(r).
15
Let t(f) = 5*f**2 - 3. Let m(u) = 5 - 4 + u**2 - 2*u**2. Let d(l) = 4*m(l) + t(l). Calculate the remainder when 1 is divided by d(0).
0
Suppose 2548 + 1803 = 19*h. What is the remainder when h is divided by 39?
34
Let w = 1040 + -1009. What is the remainder when 116 is divided by w?
23
Let w = 32 - 23. Suppose -4*g = -5*k + 4*k + w, k = -4*g - 7. Let l = 19 - g. What is the remainder when 60 is divided by l?
18
Suppose -i + 11 + 11 = 0. Let m = 36 - i. Let b = 731 + -677. Calculate the remainder when b is divided by m.
12
Suppose -2*i + 5*a + 18 = -0*i, 0 = -5*i + 3*a + 26. Suppose -2*s + 4*d = 4, -s + 35 = i*s + 5*d. Calculate the remainder when 16 is divided by s.
0
Suppose -4*w + 123 + 53 = 0. Let s = w + 24. Calculate the remainder when s is divided by 18.
14
Let h = -23 - -81. Calculate the remainder when h is divided by 39.
19
Let r(j) be the second derivative of j**5/20 + j**4/12 + 125*j**2/2 + 13*j. What is the remainder when r(0) is divided by 42?
41
Let z = -21 + -67. Calculate the remainder when (z/10)/((-2)/20) is divided by -3*6*75/(-45).
28
Suppose k - 2 + 9 = 0. Let j be 267/k - (-1)/7. Let w = j + 41. Calculate the remainder when 7 is divided by w.
1
Suppose 4*w + 3 = -5. Let n be 7/(7/w) + 6. Calculate the remainder when n/(-8) + 37/2 is divided by 5.
3
Let f = 15 + 4. Let c = f - 17. Calculate the remainder when 48 is divided by (34/4)/(c/4).
14
Let g = -105 - -121. Suppose 3*b - 68 - 25 = 0. What is the remainder when b is divided by g?
15
Let x(w) = 50*w**2 + 7*w - 5. Calculate the remainder when x(1) is divided by 11.
8
Let n = 12 - 3. Suppose -s - 1 + n = 0. Suppose -j + 20 - s = 0. What is the remainder when 34 is divided by j?
10
Let f = 271 + -256. What is the remainder when 43 is divided by f?
13
Let a = -328 + 386. Calculate the remainder when a is divided by 31.
27
Suppose -2*p - 3*w + 276 = 0, 0*w = p - w - 143. What is the remaind